{"id":655,"date":"2023-08-27T14:52:42","date_gmt":"2023-08-27T17:52:42","guid":{"rendered":"https:\/\/midiafort.com.br\/?page_id=655"},"modified":"2023-08-27T14:55:18","modified_gmt":"2023-08-27T17:55:18","slug":"assessoriadeimprensa","status":"publish","type":"page","link":"https:\/\/midiafort.com.br\/?page_id=655","title":{"rendered":"Assessoria de Imprensa"},"content":{"rendered":"<section class=\"wpb-content-wrapper\"><p>[vc_row][vc_column][vc_text_separator title=&#8221;Assessoria de Imprensa&#8221; border_width=&#8221;10&#8243;][\/vc_column][\/vc_row][vc_row][vc_column][vc_column_text]A assessoria de comunica\u00e7\u00e3o se configura nesse meio como um facilitador das intermedia\u00e7\u00f5es entre o contratante, o p\u00fablico e as m\u00eddias atrav\u00e9s de estrat\u00e9gias de marketing e publicidade. Hoje a maioria das empresas, seja qual for seu seguimento, precisa de uma assessoria de imprensa, isso \u00e9 v\u00e1lido tamb\u00e9m para pessoas p\u00fablicas que querem promover sua imagem.[\/vc_column_text][\/vc_column][\/vc_row][vc_row][vc_column][vc_column_text]<strong>:: PACOTE B\u00c1SICO<\/strong>[\/vc_column_text][\/vc_column][\/vc_row][vc_row][vc_column][vc_raw_html]JTNDdGFibGUlMjBpZCUzRCUyMnRhYmxlcHJlc3MtMSUyMiUyMGNsYXNzJTNEJTIydGFibGVwcmVzcyUyMHRhYmxlcHJlc3MtaWQtMSUyMiUzRSUwQSUzQ3RoZWFkJTNFJTBBJTNDdHIlMjBjbGFzcyUzRCUyMnJvdy0xJTIwb2RkJTIyJTNFJTBBJTA5JTNDdGglMjBjbGFzcyUzRCUyMmNvbHVtbi0xJTIyJTNFREVTQ1JJJUMzJTg3JUMzJTgzTyUzQyUyRnRoJTNFJTNDdGglMjBjbGFzcyUzRCUyMmNvbHVtbi0yJTIyJTNFUVVBTlRJREFERSUzQyUyRnRoJTNFJTBBJTNDJTJGdHIlM0UlMEElM0MlMkZ0aGVhZCUzRSUwQSUzQ3Rib2R5JTIwY2xhc3MlM0QlMjJyb3ctaG92ZXIlMjIlM0UlMEElM0N0ciUyMGNsYXNzJTNEJTIycm93LTIlMjBldmVuJTIyJTNFJTBBJTA5JTNDdGQlMjBjbGFzcyUzRCUyMmNvbHVtbi0xJTIyJTNFUHJvZHUlQzMlQTclQzMlQTNvJTIwZGUlMjBQcmVzcy1yZWxlYXNlcyUyQyUyMGNvbSUyMGRpc3RyaWJ1aSVDMyVBNyVDMyVBM28lMjBkZSUyMG5vc3NvJTIwTWFpbGluZyUyMGxpc3QlM0MlMkZ0ZCUzRSUzQ3RkJTIwY2xhc3MlM0QlMjJjb2x1bW4tMiUyMiUzRTA0JTIwcG9yJTIwbSVDMyVBQXMlM0MlMkZ0ZCUzRSUwQSUzQyUyRnRyJTNFJTBBJTNDdHIlMjBjbGFzcyUzRCUyMnJvdy0zJTIwb2RkJTIyJTNFJTBBJTA5JTNDdGQlMjBjbGFzcyUzRCUyMmNvbHVtbi0xJTIyJTNFQWdlbmRhbWVudG8lMjBkZSUyMGVudHJldmlzdGFzJTNDJTJGdGQlM0UlM0N0ZCUyMGNsYXNzJTNEJTIyY29sdW1uLTIlMjIlM0UwMiUyMHBvciUyMG0lQzMlQUFzJTNDJTJGdGQlM0UlMEElM0MlMkZ0ciUzRSUwQSUzQ3RyJTIwY2xhc3MlM0QlMjJyb3ctNCUyMGV2ZW4lMjIlM0UlMEElMDklM0N0ZCUyMGNsYXNzJTNEJTIyY29sdW1uLTElMjIlM0VSZWFsaXphJUMzJUE3JUMzJUEzbyUyMGRlJTIwY29sZXRpdmFzJTIwJTNDYnIlM0UlMEFkZSUyMGltcHJlbnNhJTNDJTJGdGQlM0UlM0N0ZCUyMGNsYXNzJTNEJTIyY29sdW1uLTIlMjIlM0VtZWRpYW50ZSUyMGRlbWFuZGElM0MlMkZ0ZCUzRSUwQSUzQyUyRnRyJTNFJTBBJTNDdHIlMjBjbGFzcyUzRCUyMnJvdy01JTIwb2RkJTIyJTNFJTBBJTA5JTNDdGQlMjBjbGFzcyUzRCUyMmNvbHVtbi0xJTIyJTNFRWxhYm9yYSVDMyVBNyVDMyVBM28lMjBkZSUyMHN1Z2VzdCVDMyVBM28lMjBkZSUyMHBhdXRhJTNDJTJGdGQlM0UlM0N0ZCUyMGNsYXNzJTNEJTIyY29sdW1uLTIlMjIlM0UwNCUyMHBvciUyMG0lQzMlQUFzJTNDJTJGdGQlM0UlMEElM0MlMkZ0ciUzRSUwQSUzQ3RyJTIwY2xhc3MlM0QlMjJyb3ctNiUyMGV2ZW4lMjIlM0UlMEElMDklM0N0ZCUyMGNsYXNzJTNEJTIyY29sdW1uLTElMjIlM0VBY29tcGFuaGFtZW50byUzQyUyRnRkJTNFJTNDdGQlMjBjbGFzcyUzRCUyMmNvbHVtbi0yJTIyJTNFMDQlMjBwb3IlMjBtJUMzJUFBcyUzQyUyRnRkJTNFJTBBJTNDJTJGdHIlM0UlMEElM0N0ciUyMGNsYXNzJTNEJTIycm93LTclMjBvZGQlMjIlM0UlMEElMDklM0N0ZCUyMGNsYXNzJTNEJTIyY29sdW1uLTElMjIlM0VDb2JlcnR1cmElMjBkb3MlMjBldmVudG9zJTIwZXNwZWNpYWlzJTNDJTJGdGQlM0UlM0N0ZCUyMGNsYXNzJTNEJTIyY29sdW1uLTIlMjIlM0UwMiUyMHBvciUyMG0lQzMlQUFzJTNDJTJGdGQlM0UlMEElM0MlMkZ0ciUzRSUwQSUzQ3RyJTIwY2xhc3MlM0QlMjJyb3ctOCUyMGV2ZW4lMjIlM0UlMEElMDklM0N0ZCUyMGNsYXNzJTNEJTIyY29sdW1uLTElMjIlM0VEaXNwb25pYmlsaWRhZGUlMjBkYXMlMjBtYXQlQzMlQTlyaWFzJTIwbm9zJTIwc2l0ZXMlM0ElMjAlM0NhJTIwaHJlZiUzRCUyMmh0dHBzJTNBJTJGJTJGd2ViLmFyY2hpdmUub3JnJTJGd2ViJTJGMjAyMDExMjQxNDE2MjMlMkZodHRwJTNBJTJGJTJGd3d3LmJhbmNhZGVqb3JuYWxpc3Rhcy5jb20uYnIlMkYlMjIlM0V3d3cuYmFuY2FkZWpvcm5hbGlzdGFzLmNvbS5iciUzQyUyRmElM0UlMjAlN0MlMjAlM0NhJTIwaHJlZiUzRCUyMmh0dHBzJTNBJTJGJTJGd2ViLmFyY2hpdmUub3JnJTJGd2ViJTJGMjAyMDExMjQxNDE2MjMlMkZodHRwJTNBJTJGJTJGd3d3LmNsaXBwYi5jb20lMkYlMjIlM0V3d3cuY2xpcHBiLmNvbSUzQyUyRmElM0UlMjAlN0MlMjAlM0NhJTIwaHJlZiUzRCUyMmh0dHBzJTNBJTJGJTJGd2ViLmFyY2hpdmUub3JnJTJGd2ViJTJGMjAyMDExMjQxNDE2MjMlMkZodHRwJTNBJTJGJTJGd3d3LnBidHVkby5jb20uYnIlMkYlMjIlM0V3d3cucGJ0dWRvLmNvbS5iciUyMCUzQyUyRmElM0UlM0MlMkZ0ZCUzRSUzQ3RkJTIwY2xhc3MlM0QlMjJjb2x1bW4tMiUyMiUzRTA0JTIwcG9yJTIwbSVDMyVBQXMlM0MlMkZ0ZCUzRSUwQSUzQyUyRnRyJTNFJTBBJTNDdHIlMjBjbGFzcyUzRCUyMnJvdy05JTIwb2RkJTIyJTNFJTBBJTA5JTNDdGQlMjBjbGFzcyUzRCUyMmNvbHVtbi0xJTIyJTNFRm90b2dyYWZpYXMlM0MlMkZ0ZCUzRSUzQ3RkJTIwY2xhc3MlM0QlMjJjb2x1bW4tMiUyMiUzRTAyJTIwcG9yJTIwbSVDMyVBQXMlM0MlMkZ0ZCUzRSUwQSUzQyUyRnRyJTNFJTBBJTNDdHIlMjBjbGFzcyUzRCUyMnJvdy0xMCUyMGV2ZW4lMjIlM0UlMEElMDklM0N0ZCUyMGNsYXNzJTNEJTIyY29sdW1uLTElMjIlM0VHcmF2YSVDMyVBNyVDMyVBM28lMjBlbSUyMCVDMyU4MXVkaW8lM0MlMkZ0ZCUzRSUzQ3RkJTIwY2xhc3MlM0QlMjJjb2x1bW4tMiUyMiUzRTAyJTIwcG9yJTIwbSVDMyVBQXMlM0MlMkZ0ZCUzRSUwQSUzQyUyRnRyJTNFJTBBJTNDJTJGdGJvZHklM0UlMEElM0MlMkZ0YWJsZSUzRQ==[\/vc_raw_html][\/vc_column][\/vc_row]<\/p>\n<\/section>","protected":false},"excerpt":{"rendered":"<p>[vc_row][vc_column][vc_text_separator title=&#8221;Assessoria de Imprensa&#8221; border_width=&#8221;10&#8243;][\/vc_column][\/vc_row][vc_row][vc_column][vc_column_text]A assessoria de comunica\u00e7\u00e3o se configura nesse meio como um facilitador das intermedia\u00e7\u00f5es entre o contratante, o p\u00fablico e as m\u00eddias atrav\u00e9s de estrat\u00e9gias de marketing e publicidade. Hoje a maioria das empresas, seja qual for seu seguimento, precisa de uma assessoria de imprensa, isso \u00e9 v\u00e1lido tamb\u00e9m para pessoas p\u00fablicas [&hellip;]<\/p>\n","protected":false},"author":1,"featured_media":0,"parent":0,"menu_order":0,"comment_status":"closed","ping_status":"closed","template":"","meta":{"om_disable_all_campaigns":false,"_monsterinsights_skip_tracking":false,"_monsterinsights_sitenote_active":false,"_monsterinsights_sitenote_note":"","_monsterinsights_sitenote_category":0,"footnotes":""},"class_list":["post-655","page","type-page","status-publish","hentry"],"aioseo_notices":[],"yoast_head":"<!-- This site is optimized with the Yoast SEO plugin v21.0 - https:\/\/yoast.com\/wordpress\/plugins\/seo\/ -->\n<title>Assessoria de Imprensa -<\/title>\n<meta name=\"robots\" content=\"index, follow, max-snippet:-1, max-image-preview:large, max-video-preview:-1\" \/>\n<link rel=\"canonical\" href=\"https:\/\/midiafort.com.br\/?page_id=655\" \/>\n<meta property=\"og:locale\" content=\"en_US\" \/>\n<meta property=\"og:type\" content=\"article\" \/>\n<meta property=\"og:title\" content=\"Assessoria de Imprensa -\" \/>\n<meta property=\"og:description\" content=\"[vc_row][vc_column][vc_text_separator title=&#8221;Assessoria de Imprensa&#8221; border_width=&#8221;10&#8243;][\/vc_column][\/vc_row][vc_row][vc_column][vc_column_text]A assessoria de comunica\u00e7\u00e3o se configura nesse meio como um facilitador das intermedia\u00e7\u00f5es entre o contratante, o p\u00fablico e as m\u00eddias atrav\u00e9s de estrat\u00e9gias de marketing e publicidade. Hoje a maioria das empresas, seja qual for seu seguimento, precisa de uma assessoria de imprensa, isso \u00e9 v\u00e1lido tamb\u00e9m para pessoas p\u00fablicas [&hellip;]\" \/>\n<meta property=\"og:url\" content=\"https:\/\/midiafort.com.br\/?page_id=655\" \/>\n<meta property=\"article:modified_time\" content=\"2023-08-27T17:55:18+00:00\" \/>\n<meta name=\"twitter:card\" content=\"summary_large_image\" \/>\n<meta name=\"twitter:label1\" content=\"Est. reading time\" \/>\n\t<meta name=\"twitter:data1\" content=\"2 minutes\" \/>\n<script type=\"application\/ld+json\" class=\"yoast-schema-graph\">{\"@context\":\"https:\/\/schema.org\",\"@graph\":[{\"@type\":\"WebPage\",\"@id\":\"https:\/\/midiafort.com.br\/?page_id=655\",\"url\":\"https:\/\/midiafort.com.br\/?page_id=655\",\"name\":\"Assessoria de Imprensa -\",\"isPartOf\":{\"@id\":\"https:\/\/midiafort.com.br\/#website\"},\"datePublished\":\"2023-08-27T17:52:42+00:00\",\"dateModified\":\"2023-08-27T17:55:18+00:00\",\"breadcrumb\":{\"@id\":\"https:\/\/midiafort.com.br\/?page_id=655#breadcrumb\"},\"inLanguage\":\"en-US\",\"potentialAction\":[{\"@type\":\"ReadAction\",\"target\":[\"https:\/\/midiafort.com.br\/?page_id=655\"]}]},{\"@type\":\"BreadcrumbList\",\"@id\":\"https:\/\/midiafort.com.br\/?page_id=655#breadcrumb\",\"itemListElement\":[{\"@type\":\"ListItem\",\"position\":1,\"name\":\"Home\",\"item\":\"https:\/\/midiafort.com.br\/\"},{\"@type\":\"ListItem\",\"position\":2,\"name\":\"Assessoria de Imprensa\"}]},{\"@type\":\"WebSite\",\"@id\":\"https:\/\/midiafort.com.br\/#website\",\"url\":\"https:\/\/midiafort.com.br\/\",\"name\":\"\",\"description\":\"\",\"potentialAction\":[{\"@type\":\"SearchAction\",\"target\":{\"@type\":\"EntryPoint\",\"urlTemplate\":\"https:\/\/midiafort.com.br\/?s={search_term_string}\"},\"query-input\":\"required name=search_term_string\"}],\"inLanguage\":\"en-US\"}]}<\/script>\n<!-- \/ Yoast SEO plugin. -->","yoast_head_json":{"title":"Assessoria de Imprensa -","robots":{"index":"index","follow":"follow","max-snippet":"max-snippet:-1","max-image-preview":"max-image-preview:large","max-video-preview":"max-video-preview:-1"},"canonical":"https:\/\/midiafort.com.br\/?page_id=655","og_locale":"en_US","og_type":"article","og_title":"Assessoria de Imprensa -","og_description":"[vc_row][vc_column][vc_text_separator title=&#8221;Assessoria de Imprensa&#8221; border_width=&#8221;10&#8243;][\/vc_column][\/vc_row][vc_row][vc_column][vc_column_text]A assessoria de comunica\u00e7\u00e3o se configura nesse meio como um facilitador das intermedia\u00e7\u00f5es entre o contratante, o p\u00fablico e as m\u00eddias atrav\u00e9s de estrat\u00e9gias de marketing e publicidade. Hoje a maioria das empresas, seja qual for seu seguimento, precisa de uma assessoria de imprensa, isso \u00e9 v\u00e1lido tamb\u00e9m para pessoas p\u00fablicas [&hellip;]","og_url":"https:\/\/midiafort.com.br\/?page_id=655","article_modified_time":"2023-08-27T17:55:18+00:00","twitter_card":"summary_large_image","twitter_misc":{"Est. reading time":"2 minutes"},"schema":{"@context":"https:\/\/schema.org","@graph":[{"@type":"WebPage","@id":"https:\/\/midiafort.com.br\/?page_id=655","url":"https:\/\/midiafort.com.br\/?page_id=655","name":"Assessoria de Imprensa -","isPartOf":{"@id":"https:\/\/midiafort.com.br\/#website"},"datePublished":"2023-08-27T17:52:42+00:00","dateModified":"2023-08-27T17:55:18+00:00","breadcrumb":{"@id":"https:\/\/midiafort.com.br\/?page_id=655#breadcrumb"},"inLanguage":"en-US","potentialAction":[{"@type":"ReadAction","target":["https:\/\/midiafort.com.br\/?page_id=655"]}]},{"@type":"BreadcrumbList","@id":"https:\/\/midiafort.com.br\/?page_id=655#breadcrumb","itemListElement":[{"@type":"ListItem","position":1,"name":"Home","item":"https:\/\/midiafort.com.br\/"},{"@type":"ListItem","position":2,"name":"Assessoria de Imprensa"}]},{"@type":"WebSite","@id":"https:\/\/midiafort.com.br\/#website","url":"https:\/\/midiafort.com.br\/","name":"","description":"","potentialAction":[{"@type":"SearchAction","target":{"@type":"EntryPoint","urlTemplate":"https:\/\/midiafort.com.br\/?s={search_term_string}"},"query-input":"required name=search_term_string"}],"inLanguage":"en-US"}]}},"_links":{"self":[{"href":"https:\/\/midiafort.com.br\/index.php?rest_route=\/wp\/v2\/pages\/655","targetHints":{"allow":["GET"]}}],"collection":[{"href":"https:\/\/midiafort.com.br\/index.php?rest_route=\/wp\/v2\/pages"}],"about":[{"href":"https:\/\/midiafort.com.br\/index.php?rest_route=\/wp\/v2\/types\/page"}],"author":[{"embeddable":true,"href":"https:\/\/midiafort.com.br\/index.php?rest_route=\/wp\/v2\/users\/1"}],"replies":[{"embeddable":true,"href":"https:\/\/midiafort.com.br\/index.php?rest_route=%2Fwp%2Fv2%2Fcomments&post=655"}],"version-history":[{"count":3,"href":"https:\/\/midiafort.com.br\/index.php?rest_route=\/wp\/v2\/pages\/655\/revisions"}],"predecessor-version":[{"id":659,"href":"https:\/\/midiafort.com.br\/index.php?rest_route=\/wp\/v2\/pages\/655\/revisions\/659"}],"wp:attachment":[{"href":"https:\/\/midiafort.com.br\/index.php?rest_route=%2Fwp%2Fv2%2Fmedia&parent=655"}],"curies":[{"name":"wp","href":"https:\/\/api.w.org\/{rel}","templated":true}]}}